{"id":11,"date":"2020-05-14T16:11:54","date_gmt":"2020-05-14T19:11:54","guid":{"rendered":"http:\/\/www.centraldistribuciones.com.ar\/central\/?page_id=11"},"modified":"2021-10-14T16:30:52","modified_gmt":"2021-10-14T19:30:52","slug":"home","status":"publish","type":"page","link":"http:\/\/www.centraldistribuciones.com.ar\/central\/","title":{"rendered":"Home"},"content":{"rendered":"\t\t<div data-elementor-type=\"wp-post\" data-elementor-id=\"11\" class=\"elementor elementor-11\">\n\t\t\t\t\t\t<section class=\"elementor-section elementor-top-section elementor-element elementor-element-f364835 elementor-section-stretched elementor-section-boxed elementor-section-height-default elementor-section-height-default parallax_section_no qode_elementor_container_no\" data-id=\"f364835\" data-element_type=\"section\" data-e-type=\"section\" data-settings=\"{&quot;stretch_section&quot;:&quot;section-stretched&quot;}\">\n\t\t\t\t\t\t<div class=\"elementor-container elementor-column-gap-default\">\n\t\t\t\t\t<div class=\"elementor-column elementor-col-100 elementor-top-column elementor-element elementor-element-76f8bb3\" data-id=\"76f8bb3\" data-element_type=\"column\" data-e-type=\"column\">\n\t\t\t<div class=\"elementor-widget-wrap elementor-element-populated\">\n\t\t\t\t\t\t<div class=\"elementor-element elementor-element-e96852b elementor-widget-divider--view-line elementor-widget elementor-widget-divider\" data-id=\"e96852b\" data-element_type=\"widget\" data-e-type=\"widget\" data-widget_type=\"divider.default\">\n\t\t\t\t<div class=\"elementor-widget-container\">\n\t\t\t\t\t\t\t<div class=\"elementor-divider\">\n\t\t\t<span class=\"elementor-divider-separator\">\n\t\t\t\t\t\t<\/span>\n\t\t<\/div>\n\t\t\t\t\t\t<\/div>\n\t\t\t\t<\/div>\n\t\t\t\t<div class=\"elementor-element elementor-element-281c55c elementor-widget elementor-widget-heading\" data-id=\"281c55c\" data-element_type=\"widget\" data-e-type=\"widget\" data-widget_type=\"heading.default\">\n\t\t\t\t<div class=\"elementor-widget-container\">\n\t\t\t\t\t<h2 class=\"elementor-heading-title elementor-size-default\">Comercializamos la marca: <\/h2>\t\t\t\t<\/div>\n\t\t\t\t<\/div>\n\t\t\t\t<section class=\"elementor-section elementor-inner-section elementor-element elementor-element-96682ee elementor-section-boxed elementor-section-height-default elementor-section-height-default parallax_section_no qode_elementor_container_no\" data-id=\"96682ee\" data-element_type=\"section\" data-e-type=\"section\">\n\t\t\t\t\t\t<div class=\"elementor-container elementor-column-gap-default\">\n\t\t\t\t\t<div class=\"elementor-column elementor-col-100 elementor-inner-column elementor-element elementor-element-6699179\" data-id=\"6699179\" data-element_type=\"column\" data-e-type=\"column\">\n\t\t\t<div class=\"elementor-widget-wrap elementor-element-populated\">\n\t\t\t\t\t\t<div class=\"elementor-element elementor-element-76871d1 elementor-widget elementor-widget-image\" data-id=\"76871d1\" data-element_type=\"widget\" data-e-type=\"widget\" data-widget_type=\"image.default\">\n\t\t\t\t<div class=\"elementor-widget-container\">\n\t\t\t\t\t\t\t\t\t\t\t\t\t\t\t<img fetchpriority=\"high\" decoding=\"async\" width=\"768\" height=\"767\" src=\"http:\/\/www.centraldistribuciones.com.ar\/central\/wp-content\/uploads\/2021\/10\/logo-rumipal-rediseno-768x767.png\" class=\"elementor-animation-shrink attachment-medium_large size-medium_large wp-image-159\" alt=\"\" srcset=\"http:\/\/www.centraldistribuciones.com.ar\/central\/wp-content\/uploads\/2021\/10\/logo-rumipal-rediseno-768x767.png 768w, http:\/\/www.centraldistribuciones.com.ar\/central\/wp-content\/uploads\/2021\/10\/logo-rumipal-rediseno-300x300.png 300w, http:\/\/www.centraldistribuciones.com.ar\/central\/wp-content\/uploads\/2021\/10\/logo-rumipal-rediseno-1024x1024.png 1024w, http:\/\/www.centraldistribuciones.com.ar\/central\/wp-content\/uploads\/2021\/10\/logo-rumipal-rediseno-150x150.png 150w, http:\/\/www.centraldistribuciones.com.ar\/central\/wp-content\/uploads\/2021\/10\/logo-rumipal-rediseno-570x570.png 570w, http:\/\/www.centraldistribuciones.com.ar\/central\/wp-content\/uploads\/2021\/10\/logo-rumipal-rediseno-500x500.png 500w, http:\/\/www.centraldistribuciones.com.ar\/central\/wp-content\/uploads\/2021\/10\/logo-rumipal-rediseno-1000x1000.png 1000w, http:\/\/www.centraldistribuciones.com.ar\/central\/wp-content\/uploads\/2021\/10\/logo-rumipal-rediseno-700x699.png 700w, http:\/\/www.centraldistribuciones.com.ar\/central\/wp-content\/uploads\/2021\/10\/logo-rumipal-rediseno.png 1081w\" sizes=\"(max-width: 768px) 100vw, 768px\" \/>\t\t\t\t\t\t\t\t\t\t\t\t\t\t\t<\/div>\n\t\t\t\t<\/div>\n\t\t\t\t\t<\/div>\n\t\t<\/div>\n\t\t\t\t\t<\/div>\n\t\t<\/section>\n\t\t\t\t<div class=\"elementor-element elementor-element-050cd43 elementor-widget elementor-widget-spacer\" data-id=\"050cd43\" data-element_type=\"widget\" data-e-type=\"widget\" data-widget_type=\"spacer.default\">\n\t\t\t\t<div class=\"elementor-widget-container\">\n\t\t\t\t\t\t\t<div class=\"elementor-spacer\">\n\t\t\t<div class=\"elementor-spacer-inner\"><\/div>\n\t\t<\/div>\n\t\t\t\t\t\t<\/div>\n\t\t\t\t<\/div>\n\t\t\t\t\t<\/div>\n\t\t<\/div>\n\t\t\t\t\t<\/div>\n\t\t<\/section>\n\t\t\t\t<section class=\"elementor-section elementor-top-section elementor-element elementor-element-f19ac6b elementor-section-stretched elementor-section-boxed elementor-section-height-default elementor-section-height-default parallax_section_no qode_elementor_container_no\" data-id=\"f19ac6b\" data-element_type=\"section\" data-e-type=\"section\" data-settings=\"{&quot;stretch_section&quot;:&quot;section-stretched&quot;,&quot;background_background&quot;:&quot;classic&quot;}\">\n\t\t\t\t\t\t<div class=\"elementor-container elementor-column-gap-default\">\n\t\t\t\t\t<div class=\"elementor-column elementor-col-100 elementor-top-column elementor-element elementor-element-a821801\" data-id=\"a821801\" data-element_type=\"column\" data-e-type=\"column\">\n\t\t\t<div class=\"elementor-widget-wrap elementor-element-populated\">\n\t\t\t\t\t\t<div class=\"elementor-element elementor-element-0d83572 elementor-widget elementor-widget-spacer\" data-id=\"0d83572\" data-element_type=\"widget\" data-e-type=\"widget\" data-widget_type=\"spacer.default\">\n\t\t\t\t<div class=\"elementor-widget-container\">\n\t\t\t\t\t\t\t<div class=\"elementor-spacer\">\n\t\t\t<div class=\"elementor-spacer-inner\"><\/div>\n\t\t<\/div>\n\t\t\t\t\t\t<\/div>\n\t\t\t\t<\/div>\n\t\t\t\t<div class=\"elementor-element elementor-element-1bc756d elementor-widget-divider--view-line elementor-widget elementor-widget-divider\" data-id=\"1bc756d\" data-element_type=\"widget\" data-e-type=\"widget\" data-widget_type=\"divider.default\">\n\t\t\t\t<div class=\"elementor-widget-container\">\n\t\t\t\t\t\t\t<div class=\"elementor-divider\">\n\t\t\t<span class=\"elementor-divider-separator\">\n\t\t\t\t\t\t<\/span>\n\t\t<\/div>\n\t\t\t\t\t\t<\/div>\n\t\t\t\t<\/div>\n\t\t\t\t<div class=\"elementor-element elementor-element-697d40e elementor-widget elementor-widget-heading\" data-id=\"697d40e\" data-element_type=\"widget\" data-e-type=\"widget\" data-widget_type=\"heading.default\">\n\t\t\t\t<div class=\"elementor-widget-container\">\n\t\t\t\t\t<h1 class=\"elementor-heading-title elementor-size-default\">Cat\u00e1logo de bebidas<\/h1>\t\t\t\t<\/div>\n\t\t\t\t<\/div>\n\t\t\t\t<div class=\"elementor-element elementor-element-5a418fc elementor-widget elementor-widget-spacer\" data-id=\"5a418fc\" data-element_type=\"widget\" data-e-type=\"widget\" data-widget_type=\"spacer.default\">\n\t\t\t\t<div class=\"elementor-widget-container\">\n\t\t\t\t\t\t\t<div class=\"elementor-spacer\">\n\t\t\t<div class=\"elementor-spacer-inner\"><\/div>\n\t\t<\/div>\n\t\t\t\t\t\t<\/div>\n\t\t\t\t<\/div>\n\t\t\t\t<div class=\"elementor-element elementor-element-255e87b elementor-widget elementor-widget-spacer\" data-id=\"255e87b\" data-element_type=\"widget\" data-e-type=\"widget\" data-widget_type=\"spacer.default\">\n\t\t\t\t<div class=\"elementor-widget-container\">\n\t\t\t\t\t\t\t<div class=\"elementor-spacer\">\n\t\t\t<div class=\"elementor-spacer-inner\"><\/div>\n\t\t<\/div>\n\t\t\t\t\t\t<\/div>\n\t\t\t\t<\/div>\n\t\t\t\t<div class=\"elementor-element elementor-element-224ff4e elementor-widget elementor-widget-html\" data-id=\"224ff4e\" data-element_type=\"widget\" data-e-type=\"widget\" data-widget_type=\"html.default\">\n\t\t\t\t<div class=\"elementor-widget-container\">\n\t\t\t\t\t<iframe src=\"https:\/\/e.issuu.com\/issuu-reader3-embed-files\/latest\/twittercard.html?u=gonnbustos&amp;d=cat_logo_de_bebidas&amp;p=1\" width=\"100%\" height=\"700\" frameborder=\"0\" style=\"border:0\" allowfullscreen><\/iframe>\t\t\t\t<\/div>\n\t\t\t\t<\/div>\n\t\t\t\t<div class=\"elementor-element elementor-element-1ab9988 elementor-widget elementor-widget-spacer\" data-id=\"1ab9988\" data-element_type=\"widget\" data-e-type=\"widget\" data-widget_type=\"spacer.default\">\n\t\t\t\t<div class=\"elementor-widget-container\">\n\t\t\t\t\t\t\t<div class=\"elementor-spacer\">\n\t\t\t<div class=\"elementor-spacer-inner\"><\/div>\n\t\t<\/div>\n\t\t\t\t\t\t<\/div>\n\t\t\t\t<\/div>\n\t\t\t\t\t<\/div>\n\t\t<\/div>\n\t\t\t\t\t<\/div>\n\t\t<\/section>\n\t\t\t\t<section class=\"elementor-section elementor-top-section elementor-element elementor-element-1e90cb9 elementor-section-stretched elementor-section-boxed elementor-section-height-default elementor-section-height-default parallax_section_no qode_elementor_container_no\" data-id=\"1e90cb9\" data-element_type=\"section\" data-e-type=\"section\" data-settings=\"{&quot;stretch_section&quot;:&quot;section-stretched&quot;,&quot;background_background&quot;:&quot;classic&quot;}\">\n\t\t\t\t\t\t<div class=\"elementor-container elementor-column-gap-default\">\n\t\t\t\t\t<div class=\"elementor-column elementor-col-100 elementor-top-column elementor-element elementor-element-ca009b1\" data-id=\"ca009b1\" data-element_type=\"column\" data-e-type=\"column\">\n\t\t\t<div class=\"elementor-widget-wrap elementor-element-populated\">\n\t\t\t\t\t\t<div class=\"elementor-element elementor-element-5ac462b elementor-widget elementor-widget-spacer\" data-id=\"5ac462b\" data-element_type=\"widget\" data-e-type=\"widget\" data-widget_type=\"spacer.default\">\n\t\t\t\t<div class=\"elementor-widget-container\">\n\t\t\t\t\t\t\t<div class=\"elementor-spacer\">\n\t\t\t<div class=\"elementor-spacer-inner\"><\/div>\n\t\t<\/div>\n\t\t\t\t\t\t<\/div>\n\t\t\t\t<\/div>\n\t\t\t\t<section class=\"elementor-section elementor-inner-section elementor-element elementor-element-4eabd93 elementor-section-boxed elementor-section-height-default elementor-section-height-default parallax_section_no qode_elementor_container_no\" data-id=\"4eabd93\" data-element_type=\"section\" data-e-type=\"section\">\n\t\t\t\t\t\t<div class=\"elementor-container elementor-column-gap-default\">\n\t\t\t\t\t<div class=\"elementor-column elementor-col-50 elementor-inner-column elementor-element elementor-element-b458eeb\" data-id=\"b458eeb\" data-element_type=\"column\" data-e-type=\"column\">\n\t\t\t<div class=\"elementor-widget-wrap elementor-element-populated\">\n\t\t\t\t\t\t<div class=\"elementor-element elementor-element-effd25f elementor-view-default elementor-position-block-start elementor-mobile-position-block-start elementor-widget elementor-widget-icon-box\" data-id=\"effd25f\" data-element_type=\"widget\" data-e-type=\"widget\" data-widget_type=\"icon-box.default\">\n\t\t\t\t<div class=\"elementor-widget-container\">\n\t\t\t\t\t\t\t<div class=\"elementor-icon-box-wrapper\">\n\n\t\t\t\t\t\t<div class=\"elementor-icon-box-icon\">\n\t\t\t\t<span  class=\"elementor-icon\">\n\t\t\t\t<i aria-hidden=\"true\" class=\"fas fa-map-marker-alt\"><\/i>\t\t\t\t<\/span>\n\t\t\t<\/div>\n\t\t\t\n\t\t\t\t\t\t<div class=\"elementor-icon-box-content\">\n\n\t\t\t\t\t\t\t\t\t<h3 class=\"elementor-icon-box-title\">\n\t\t\t\t\t\t<span  >\n\t\t\t\t\t\t\tPlanta Industrial\t\t\t\t\t\t<\/span>\n\t\t\t\t\t<\/h3>\n\t\t\t\t\n\t\t\t\t\t\t\t\t\t<p class=\"elementor-icon-box-description\">\n\t\t\t\t\t\tParque Industrial R\u00edo Cuarto\t\t\t\t\t<\/p>\n\t\t\t\t\n\t\t\t<\/div>\n\t\t\t\n\t\t<\/div>\n\t\t\t\t\t\t<\/div>\n\t\t\t\t<\/div>\n\t\t\t\t<div class=\"elementor-element elementor-element-949427e elementor-widget elementor-widget-spacer\" data-id=\"949427e\" data-element_type=\"widget\" data-e-type=\"widget\" data-widget_type=\"spacer.default\">\n\t\t\t\t<div class=\"elementor-widget-container\">\n\t\t\t\t\t\t\t<div class=\"elementor-spacer\">\n\t\t\t<div class=\"elementor-spacer-inner\"><\/div>\n\t\t<\/div>\n\t\t\t\t\t\t<\/div>\n\t\t\t\t<\/div>\n\t\t\t\t<div class=\"elementor-element elementor-element-1bfb94d elementor-widget elementor-widget-html\" data-id=\"1bfb94d\" data-element_type=\"widget\" data-e-type=\"widget\" data-widget_type=\"html.default\">\n\t\t\t\t<div class=\"elementor-widget-container\">\n\t\t\t\t\t<iframe src=\"https:\/\/www.google.com\/maps\/embed?pb=!1m18!1m12!1m3!1d3972.7629576901836!2d-64.31941992856302!3d-33.14371456861579!2m3!1f0!2f0!3f0!3m2!1i1024!2i768!4f13.1!3m3!1m2!1s0x0%3A0x74faa55c0d66a29b!2sParque%20Industrial%20Arturo%20Frondizi!5e0!3m2!1ses!2sar!4v1590515235664!5m2!1ses!2sar\" width=\"600\" height=\"350\" frameborder=\"0\" style=\"border:0;\" allowfullscreen=\"\" aria-hidden=\"false\" tabindex=\"0\"><\/iframe>\t\t\t\t<\/div>\n\t\t\t\t<\/div>\n\t\t\t\t\t<\/div>\n\t\t<\/div>\n\t\t\t\t<div class=\"elementor-column elementor-col-50 elementor-inner-column elementor-element elementor-element-a063784\" data-id=\"a063784\" data-element_type=\"column\" data-e-type=\"column\">\n\t\t\t<div class=\"elementor-widget-wrap elementor-element-populated\">\n\t\t\t\t\t\t<div class=\"elementor-element elementor-element-76e74c7 elementor-hidden-desktop elementor-hidden-tablet elementor-widget elementor-widget-spacer\" data-id=\"76e74c7\" data-element_type=\"widget\" data-e-type=\"widget\" data-widget_type=\"spacer.default\">\n\t\t\t\t<div class=\"elementor-widget-container\">\n\t\t\t\t\t\t\t<div class=\"elementor-spacer\">\n\t\t\t<div class=\"elementor-spacer-inner\"><\/div>\n\t\t<\/div>\n\t\t\t\t\t\t<\/div>\n\t\t\t\t<\/div>\n\t\t\t\t<div class=\"elementor-element elementor-element-e298d7b elementor-view-default elementor-position-block-start elementor-mobile-position-block-start elementor-widget elementor-widget-icon-box\" data-id=\"e298d7b\" data-element_type=\"widget\" data-e-type=\"widget\" data-widget_type=\"icon-box.default\">\n\t\t\t\t<div class=\"elementor-widget-container\">\n\t\t\t\t\t\t\t<div class=\"elementor-icon-box-wrapper\">\n\n\t\t\t\t\t\t<div class=\"elementor-icon-box-icon\">\n\t\t\t\t<span  class=\"elementor-icon\">\n\t\t\t\t<i aria-hidden=\"true\" class=\"fas fa-map-marker-alt\"><\/i>\t\t\t\t<\/span>\n\t\t\t<\/div>\n\t\t\t\n\t\t\t\t\t\t<div class=\"elementor-icon-box-content\">\n\n\t\t\t\t\t\t\t\t\t<h3 class=\"elementor-icon-box-title\">\n\t\t\t\t\t\t<span  >\n\t\t\t\t\t\t\tOficina Comercial\t\t\t\t\t\t<\/span>\n\t\t\t\t\t<\/h3>\n\t\t\t\t\n\t\t\t\t\t\t\t\t\t<p class=\"elementor-icon-box-description\">\n\t\t\t\t\t\tSan Mart\u00edn 1364 (Oficina N\u00b0 1)\nR\u00edo Cuarto - CP: 5800\t\t\t\t\t<\/p>\n\t\t\t\t\n\t\t\t<\/div>\n\t\t\t\n\t\t<\/div>\n\t\t\t\t\t\t<\/div>\n\t\t\t\t<\/div>\n\t\t\t\t<div class=\"elementor-element elementor-element-93c9b22 elementor-widget elementor-widget-spacer\" data-id=\"93c9b22\" data-element_type=\"widget\" data-e-type=\"widget\" data-widget_type=\"spacer.default\">\n\t\t\t\t<div class=\"elementor-widget-container\">\n\t\t\t\t\t\t\t<div class=\"elementor-spacer\">\n\t\t\t<div class=\"elementor-spacer-inner\"><\/div>\n\t\t<\/div>\n\t\t\t\t\t\t<\/div>\n\t\t\t\t<\/div>\n\t\t\t\t<div class=\"elementor-element elementor-element-8bbe9f4 elementor-widget elementor-widget-html\" data-id=\"8bbe9f4\" data-element_type=\"widget\" data-e-type=\"widget\" data-widget_type=\"html.default\">\n\t\t\t\t<div class=\"elementor-widget-container\">\n\t\t\t\t\t<iframe src=\"https:\/\/www.google.com\/maps\/embed?pb=!1m18!1m12!1m3!1d3341.602502140796!2d-64.3658357841985!3d-33.11953258799207!2m3!1f0!2f0!3f0!3m2!1i1024!2i768!4f13.1!3m3!1m2!1s0x95d20041a8b14cf3%3A0xbe5ecf21d498495c!2sAv.%20Ldor.%20Gral.%20San%20Martin%201364%2C%20R%C3%ADo%20Cuarto%2C%20C%C3%B3rdoba!5e0!3m2!1ses!2sar!4v1590515350765!5m2!1ses!2sar\" width=\"600\" height=\"350\" frameborder=\"0\" style=\"border:0;\" allowfullscreen=\"\" aria-hidden=\"false\" tabindex=\"0\"><\/iframe>\t\t\t\t<\/div>\n\t\t\t\t<\/div>\n\t\t\t\t\t<\/div>\n\t\t<\/div>\n\t\t\t\t\t<\/div>\n\t\t<\/section>\n\t\t\t\t\t<\/div>\n\t\t<\/div>\n\t\t\t\t\t<\/div>\n\t\t<\/section>\n\t\t\t\t<\/div>\n\t\t","protected":false},"excerpt":{"rendered":"<p>Comercializamos la marca: Cat\u00e1logo de bebidas Planta Industrial Parque Industrial R\u00edo Cuarto Oficina Comercial San Mart\u00edn 1364 (Oficina N\u00b0 1) R\u00edo Cuarto &#8211; CP: 5800<\/p>\n","protected":false},"author":1,"featured_media":0,"parent":0,"menu_order":0,"comment_status":"closed","ping_status":"closed","template":"","meta":{"_joinchat":[],"footnotes":""},"class_list":["post-11","page","type-page","status-publish","hentry"],"yoast_head":"<!-- This site is optimized with the Yoast SEO plugin v27.4 - https:\/\/yoast.com\/product\/yoast-seo-wordpress\/ -->\n<title>Home - Central Distribuciones rumipal kasei gaseosa agua mineral tonica soda jugo<\/title>\n<meta name=\"robots\" content=\"index, follow, max-snippet:-1, max-image-preview:large, max-video-preview:-1\" \/>\n<link rel=\"canonical\" href=\"http:\/\/www.centraldistribuciones.com.ar\/central\/\" \/>\n<meta property=\"og:locale\" content=\"es_ES\" \/>\n<meta property=\"og:type\" content=\"article\" \/>\n<meta property=\"og:title\" content=\"Home - Central Distribuciones rumipal kasei gaseosa agua mineral tonica soda jugo\" \/>\n<meta property=\"og:description\" content=\"Comercializamos la marca: Cat\u00e1logo de bebidas Planta Industrial Parque Industrial R\u00edo Cuarto Oficina Comercial San Mart\u00edn 1364 (Oficina N\u00b0 1) R\u00edo Cuarto &#8211; CP: 5800\" \/>\n<meta property=\"og:url\" content=\"http:\/\/www.centraldistribuciones.com.ar\/central\/\" \/>\n<meta property=\"og:site_name\" content=\"Central Distribuciones\" \/>\n<meta property=\"article:modified_time\" content=\"2021-10-14T19:30:52+00:00\" \/>\n<meta property=\"og:image\" content=\"http:\/\/www.centraldistribuciones.com.ar\/central\/wp-content\/uploads\/2021\/10\/logo-rumipal-rediseno-768x767.png\" \/>\n<meta name=\"twitter:card\" content=\"summary_large_image\" \/>\n<meta name=\"twitter:label1\" content=\"Tiempo de lectura\" \/>\n\t<meta name=\"twitter:data1\" content=\"1 minuto\" \/>\n<script type=\"application\/ld+json\" class=\"yoast-schema-graph\">{\"@context\":\"https:\\\/\\\/schema.org\",\"@graph\":[{\"@type\":\"WebPage\",\"@id\":\"http:\\\/\\\/www.centraldistribuciones.com.ar\\\/central\\\/\",\"url\":\"http:\\\/\\\/www.centraldistribuciones.com.ar\\\/central\\\/\",\"name\":\"Home - Central Distribuciones rumipal kasei gaseosa agua mineral tonica soda jugo\",\"isPartOf\":{\"@id\":\"http:\\\/\\\/www.centraldistribuciones.com.ar\\\/central\\\/#website\"},\"primaryImageOfPage\":{\"@id\":\"http:\\\/\\\/www.centraldistribuciones.com.ar\\\/central\\\/#primaryimage\"},\"image\":{\"@id\":\"http:\\\/\\\/www.centraldistribuciones.com.ar\\\/central\\\/#primaryimage\"},\"thumbnailUrl\":\"http:\\\/\\\/www.centraldistribuciones.com.ar\\\/central\\\/wp-content\\\/uploads\\\/2021\\\/10\\\/logo-rumipal-rediseno-768x767.png\",\"datePublished\":\"2020-05-14T19:11:54+00:00\",\"dateModified\":\"2021-10-14T19:30:52+00:00\",\"breadcrumb\":{\"@id\":\"http:\\\/\\\/www.centraldistribuciones.com.ar\\\/central\\\/#breadcrumb\"},\"inLanguage\":\"es-AR\",\"potentialAction\":[{\"@type\":\"ReadAction\",\"target\":[\"http:\\\/\\\/www.centraldistribuciones.com.ar\\\/central\\\/\"]}]},{\"@type\":\"ImageObject\",\"inLanguage\":\"es-AR\",\"@id\":\"http:\\\/\\\/www.centraldistribuciones.com.ar\\\/central\\\/#primaryimage\",\"url\":\"http:\\\/\\\/www.centraldistribuciones.com.ar\\\/central\\\/wp-content\\\/uploads\\\/2021\\\/10\\\/logo-rumipal-rediseno.png\",\"contentUrl\":\"http:\\\/\\\/www.centraldistribuciones.com.ar\\\/central\\\/wp-content\\\/uploads\\\/2021\\\/10\\\/logo-rumipal-rediseno.png\",\"width\":1081,\"height\":1080},{\"@type\":\"BreadcrumbList\",\"@id\":\"http:\\\/\\\/www.centraldistribuciones.com.ar\\\/central\\\/#breadcrumb\",\"itemListElement\":[{\"@type\":\"ListItem\",\"position\":1,\"name\":\"Inicio\",\"item\":\"http:\\\/\\\/www.centraldistribuciones.com.ar\\\/central\\\/\"},{\"@type\":\"ListItem\",\"position\":2,\"name\":\"Home\"}]},{\"@type\":\"WebSite\",\"@id\":\"http:\\\/\\\/www.centraldistribuciones.com.ar\\\/central\\\/#website\",\"url\":\"http:\\\/\\\/www.centraldistribuciones.com.ar\\\/central\\\/\",\"name\":\"Central Distribuciones\",\"description\":\"Comercializador Rumipal Kasei\",\"publisher\":{\"@id\":\"http:\\\/\\\/www.centraldistribuciones.com.ar\\\/central\\\/#organization\"},\"potentialAction\":[{\"@type\":\"SearchAction\",\"target\":{\"@type\":\"EntryPoint\",\"urlTemplate\":\"http:\\\/\\\/www.centraldistribuciones.com.ar\\\/central\\\/?s={search_term_string}\"},\"query-input\":{\"@type\":\"PropertyValueSpecification\",\"valueRequired\":true,\"valueName\":\"search_term_string\"}}],\"inLanguage\":\"es-AR\"},{\"@type\":\"Organization\",\"@id\":\"http:\\\/\\\/www.centraldistribuciones.com.ar\\\/central\\\/#organization\",\"name\":\"Central Distribuciones\",\"url\":\"http:\\\/\\\/www.centraldistribuciones.com.ar\\\/central\\\/\",\"logo\":{\"@type\":\"ImageObject\",\"inLanguage\":\"es-AR\",\"@id\":\"http:\\\/\\\/www.centraldistribuciones.com.ar\\\/central\\\/#\\\/schema\\\/logo\\\/image\\\/\",\"url\":\"http:\\\/\\\/www.centraldistribuciones.com.ar\\\/central\\\/wp-content\\\/uploads\\\/2020\\\/05\\\/isologo-central-web-220x121-1.png\",\"contentUrl\":\"http:\\\/\\\/www.centraldistribuciones.com.ar\\\/central\\\/wp-content\\\/uploads\\\/2020\\\/05\\\/isologo-central-web-220x121-1.png\",\"width\":224,\"height\":124,\"caption\":\"Central Distribuciones\"},\"image\":{\"@id\":\"http:\\\/\\\/www.centraldistribuciones.com.ar\\\/central\\\/#\\\/schema\\\/logo\\\/image\\\/\"}}]}<\/script>\n<!-- \/ Yoast SEO plugin. -->","yoast_head_json":{"title":"Home - Central Distribuciones rumipal kasei gaseosa agua mineral tonica soda jugo","robots":{"index":"index","follow":"follow","max-snippet":"max-snippet:-1","max-image-preview":"max-image-preview:large","max-video-preview":"max-video-preview:-1"},"canonical":"http:\/\/www.centraldistribuciones.com.ar\/central\/","og_locale":"es_ES","og_type":"article","og_title":"Home - Central Distribuciones rumipal kasei gaseosa agua mineral tonica soda jugo","og_description":"Comercializamos la marca: Cat\u00e1logo de bebidas Planta Industrial Parque Industrial R\u00edo Cuarto Oficina Comercial San Mart\u00edn 1364 (Oficina N\u00b0 1) R\u00edo Cuarto &#8211; CP: 5800","og_url":"http:\/\/www.centraldistribuciones.com.ar\/central\/","og_site_name":"Central Distribuciones","article_modified_time":"2021-10-14T19:30:52+00:00","og_image":[{"url":"http:\/\/www.centraldistribuciones.com.ar\/central\/wp-content\/uploads\/2021\/10\/logo-rumipal-rediseno-768x767.png","type":"","width":"","height":""}],"twitter_card":"summary_large_image","twitter_misc":{"Tiempo de lectura":"1 minuto"},"schema":{"@context":"https:\/\/schema.org","@graph":[{"@type":"WebPage","@id":"http:\/\/www.centraldistribuciones.com.ar\/central\/","url":"http:\/\/www.centraldistribuciones.com.ar\/central\/","name":"Home - Central Distribuciones rumipal kasei gaseosa agua mineral tonica soda jugo","isPartOf":{"@id":"http:\/\/www.centraldistribuciones.com.ar\/central\/#website"},"primaryImageOfPage":{"@id":"http:\/\/www.centraldistribuciones.com.ar\/central\/#primaryimage"},"image":{"@id":"http:\/\/www.centraldistribuciones.com.ar\/central\/#primaryimage"},"thumbnailUrl":"http:\/\/www.centraldistribuciones.com.ar\/central\/wp-content\/uploads\/2021\/10\/logo-rumipal-rediseno-768x767.png","datePublished":"2020-05-14T19:11:54+00:00","dateModified":"2021-10-14T19:30:52+00:00","breadcrumb":{"@id":"http:\/\/www.centraldistribuciones.com.ar\/central\/#breadcrumb"},"inLanguage":"es-AR","potentialAction":[{"@type":"ReadAction","target":["http:\/\/www.centraldistribuciones.com.ar\/central\/"]}]},{"@type":"ImageObject","inLanguage":"es-AR","@id":"http:\/\/www.centraldistribuciones.com.ar\/central\/#primaryimage","url":"http:\/\/www.centraldistribuciones.com.ar\/central\/wp-content\/uploads\/2021\/10\/logo-rumipal-rediseno.png","contentUrl":"http:\/\/www.centraldistribuciones.com.ar\/central\/wp-content\/uploads\/2021\/10\/logo-rumipal-rediseno.png","width":1081,"height":1080},{"@type":"BreadcrumbList","@id":"http:\/\/www.centraldistribuciones.com.ar\/central\/#breadcrumb","itemListElement":[{"@type":"ListItem","position":1,"name":"Inicio","item":"http:\/\/www.centraldistribuciones.com.ar\/central\/"},{"@type":"ListItem","position":2,"name":"Home"}]},{"@type":"WebSite","@id":"http:\/\/www.centraldistribuciones.com.ar\/central\/#website","url":"http:\/\/www.centraldistribuciones.com.ar\/central\/","name":"Central Distribuciones","description":"Comercializador Rumipal Kasei","publisher":{"@id":"http:\/\/www.centraldistribuciones.com.ar\/central\/#organization"},"potentialAction":[{"@type":"SearchAction","target":{"@type":"EntryPoint","urlTemplate":"http:\/\/www.centraldistribuciones.com.ar\/central\/?s={search_term_string}"},"query-input":{"@type":"PropertyValueSpecification","valueRequired":true,"valueName":"search_term_string"}}],"inLanguage":"es-AR"},{"@type":"Organization","@id":"http:\/\/www.centraldistribuciones.com.ar\/central\/#organization","name":"Central Distribuciones","url":"http:\/\/www.centraldistribuciones.com.ar\/central\/","logo":{"@type":"ImageObject","inLanguage":"es-AR","@id":"http:\/\/www.centraldistribuciones.com.ar\/central\/#\/schema\/logo\/image\/","url":"http:\/\/www.centraldistribuciones.com.ar\/central\/wp-content\/uploads\/2020\/05\/isologo-central-web-220x121-1.png","contentUrl":"http:\/\/www.centraldistribuciones.com.ar\/central\/wp-content\/uploads\/2020\/05\/isologo-central-web-220x121-1.png","width":224,"height":124,"caption":"Central Distribuciones"},"image":{"@id":"http:\/\/www.centraldistribuciones.com.ar\/central\/#\/schema\/logo\/image\/"}}]}},"_links":{"self":[{"href":"http:\/\/www.centraldistribuciones.com.ar\/central\/wp-json\/wp\/v2\/pages\/11","targetHints":{"allow":["GET"]}}],"collection":[{"href":"http:\/\/www.centraldistribuciones.com.ar\/central\/wp-json\/wp\/v2\/pages"}],"about":[{"href":"http:\/\/www.centraldistribuciones.com.ar\/central\/wp-json\/wp\/v2\/types\/page"}],"author":[{"embeddable":true,"href":"http:\/\/www.centraldistribuciones.com.ar\/central\/wp-json\/wp\/v2\/users\/1"}],"replies":[{"embeddable":true,"href":"http:\/\/www.centraldistribuciones.com.ar\/central\/wp-json\/wp\/v2\/comments?post=11"}],"version-history":[{"count":54,"href":"http:\/\/www.centraldistribuciones.com.ar\/central\/wp-json\/wp\/v2\/pages\/11\/revisions"}],"predecessor-version":[{"id":174,"href":"http:\/\/www.centraldistribuciones.com.ar\/central\/wp-json\/wp\/v2\/pages\/11\/revisions\/174"}],"wp:attachment":[{"href":"http:\/\/www.centraldistribuciones.com.ar\/central\/wp-json\/wp\/v2\/media?parent=11"}],"curies":[{"name":"wp","href":"https:\/\/api.w.org\/{rel}","templated":true}]}}